[INFO] cloning repository https://github.com/InputUsername/rescrobbled
[INFO] running `Command { std: "git" "-c" "credential.helper=" "-c" "credential.helper=/workspace/cargo-home/bin/git-credential-null" "clone" "--bare" "https://github.com/InputUsername/rescrobbled" "/workspace/cache/git-repos/https%3A%2F%2Fgithub.com%2FInputUsername%2Frescrobbled", kill_on_drop: false }`
[INFO] [stderr] Cloning into bare repository '/workspace/cache/git-repos/https%3A%2F%2Fgithub.com%2FInputUsername%2Frescrobbled'...
[INFO] running `Command { std: "git" "rev-parse" "HEAD", kill_on_drop: false }`
[INFO] [stdout] d9837ad4ddbe4f77a06c4f8a697d7d6df858e414
[INFO] testing InputUsername/rescrobbled against master#2fe50cd72c476ebacdedb14893e9632b4de961c2 for pr-116088-2
[INFO] running `Command { std: "git" "clone" "/workspace/cache/git-repos/https%3A%2F%2Fgithub.com%2FInputUsername%2Frescrobbled" "/workspace/builds/worker-1-tc1/source", kill_on_drop: false }`
[INFO] [stderr] Cloning into '/workspace/builds/worker-1-tc1/source'...
[INFO] [stderr] done.
[INFO] validating manifest of git repo https://github.com/InputUsername/rescrobbled on toolchain 2fe50cd72c476ebacdedb14893e9632b4de961c2
[INFO] running `Command { std: CARGO_HOME="/workspace/cargo-home" RUSTUP_HOME="/workspace/rustup-home" "/workspace/cargo-home/bin/cargo" "+2fe50cd72c476ebacdedb14893e9632b4de961c2" "metadata" "--manifest-path" "Cargo.toml" "--no-deps", kill_on_drop: false }`
[INFO] started tweaking git repo https://github.com/InputUsername/rescrobbled
[INFO] finished tweaking git repo https://github.com/InputUsername/rescrobbled
[INFO] tweaked toml for git repo https://github.com/InputUsername/rescrobbled written to /workspace/builds/worker-1-tc1/source/Cargo.toml
[INFO] crate git repo https://github.com/InputUsername/rescrobbled already has a lockfile, it will not be regenerated
[INFO] running `Command { std: CARGO_HOME="/workspace/cargo-home" RUSTUP_HOME="/workspace/rustup-home" "/workspace/cargo-home/bin/cargo" "+2fe50cd72c476ebacdedb14893e9632b4de961c2" "fetch" "--manifest-path" "Cargo.toml", kill_on_drop: false }`
[INFO] [stderr]     Updating crates.io index
[INFO] [stderr]     Blocking waiting for file lock on package cache
[INFO] [stderr]  Downloading crates ...
[INFO] [stderr]   Downloaded core-foundation v0.9.3
[INFO] [stderr]   Downloaded enum-kinds v0.5.1
[INFO] [stderr]   Downloaded thiserror-impl v1.0.43
[INFO] [stderr]   Downloaded hermit-abi v0.3.2
[INFO] [stderr]   Downloaded ident_case v1.0.1
[INFO] [stderr]   Downloaded toml_datetime v0.6.3
[INFO] [stderr]   Downloaded io-lifetimes v1.0.11
[INFO] [stderr]   Downloaded unicode-xid v0.0.4
[INFO] [stderr]   Downloaded serde_spanned v0.6.3
[INFO] [stderr]   Downloaded getrandom v0.2.10
[INFO] [stderr]   Downloaded log v0.4.19
[INFO] [stderr]   Downloaded darling_macro v0.14.4
[INFO] [stderr]   Downloaded rpassword v7.2.0
[INFO] [stderr]   Downloaded pkg-config v0.3.27
[INFO] [stderr]   Downloaded once_cell v1.18.0
[INFO] [stderr]   Downloaded anyhow v1.0.71
[INFO] [stderr]   Downloaded openssl v0.10.60
[INFO] [stderr]   Downloaded libc v0.2.147
[INFO] [stderr]   Downloaded windows_x86_64_msvc v0.48.0
[INFO] [stderr]   Downloaded libdbus-sys v0.2.5
[INFO] [stderr]   Downloaded winapi-i686-pc-windows-gnu v0.4.0
[INFO] [stderr]   Downloaded listenbrainz v0.7.0
[INFO] [stderr]   Downloaded wrapped-vec v0.3.0
[INFO] [stderr]   Downloaded rustfm-scrobble-proxy v2.0.0
[INFO] [stderr]   Downloaded derive_is_enum_variant v0.1.1
[INFO] [stderr]   Downloaded windows-sys v0.48.0
[INFO] [stderr]   Downloaded mpris v2.0.1
[INFO] [stderr]   Downloaded winapi-x86_64-pc-windows-gnu v0.4.0
[INFO] [stderr]   Downloaded windows_x86_64_gnu v0.48.0
[INFO] [stderr]   Downloaded linux-raw-sys v0.3.8
[INFO] [stderr]   Downloaded winapi v0.3.9
[INFO] [stderr]   Downloaded windows_i686_msvc v0.48.0
[INFO] [stderr]   Downloaded windows_aarch64_msvc v0.48.0
[INFO] [stderr]   Downloaded windows_i686_gnu v0.48.0
[INFO] [stderr]   Downloaded windows_x86_64_gnullvm v0.48.0
[INFO] [stderr]   Downloaded idna v0.4.0
[INFO] [stderr]   Downloaded rustix v0.37.25
[INFO] [stderr]   Downloaded windows_aarch64_gnullvm v0.48.0
[INFO] [stderr]   Downloaded darling v0.14.4
[INFO] [stderr]   Downloaded wasi v0.11.0+wasi-snapshot-preview1
[INFO] [stderr]   Downloaded cc v1.0.79
[INFO] [stderr]   Downloaded attohttpc v0.25.0
[INFO] [stderr]   Downloaded bytes v1.4.0
[INFO] [stderr]   Downloaded memchr v2.5.0
[INFO] [stderr]   Downloaded flate2 v1.0.26
[INFO] [stderr]   Downloaded url v2.4.0
[INFO] [stderr]   Downloaded openssl-sys v0.9.96
[INFO] [stderr]   Downloaded quote v1.0.29
[INFO] [stderr]   Downloaded dbus v0.9.7
[INFO] [stderr]   Downloaded indexmap v2.0.0
[INFO] [stderr]   Downloaded syn v0.11.11
[INFO] [stderr]   Downloaded unicode-bidi v0.3.13
[INFO] [stderr]   Downloaded security-framework v2.9.1
[INFO] [stderr]   Downloaded toml_edit v0.19.12
[INFO] [stderr]   Downloaded serde_json v1.0.102
[INFO] [stderr]   Downloaded http v0.2.9
[INFO] [stderr]   Downloaded hashbrown v0.14.0
[INFO] [stderr]   Downloaded syn v2.0.25
[INFO] [stderr]   Downloaded strsim v0.10.0
[INFO] [stderr]   Downloaded redox_syscall v0.3.5
[INFO] [stderr]   Downloaded redox_syscall v0.2.16
[INFO] [stderr]   Downloaded dirs v5.0.1
[INFO] [stderr]   Downloaded unicode-ident v1.0.10
[INFO] [stderr]   Downloaded toml v0.7.6
[INFO] [stderr]   Downloaded winnow v0.4.9
[INFO] [stderr]   Downloaded thiserror v1.0.43
[INFO] [stderr]   Downloaded fastrand v1.9.0
[INFO] [stderr]   Downloaded rtoolbox v0.0.1
[INFO] [stderr]   Downloaded redox_users v0.4.3
[INFO] [stderr]   Downloaded core-foundation-sys v0.8.4
[INFO] [stderr]   Downloaded attohttpc v0.24.1
[INFO] [stderr]   Downloaded quote v0.3.15
[INFO] [stderr]   Downloaded ryu v1.0.14
[INFO] [stderr]   Downloaded serde_derive v1.0.171
[INFO] [stderr]   Downloaded option-ext v0.2.0
[INFO] [stderr]   Downloaded from_variants_impl v1.0.2
[INFO] [stderr]   Downloaded windows-targets v0.48.1
[INFO] [stderr]   Downloaded errno-dragonfly v0.1.2
[INFO] [stderr]   Downloaded form_urlencoded v1.2.0
[INFO] [stderr]   Downloaded equivalent v1.0.1
[INFO] [stderr]   Downloaded errno v0.3.1
[INFO] [stderr]   Downloaded proc-macro2 v1.0.64
[INFO] [stderr]   Downloaded from_variants v1.0.2
[INFO] [stderr]   Downloaded percent-encoding v2.3.0
[INFO] [stderr]   Downloaded itoa v1.0.8
[INFO] [stderr]   Downloaded security-framework-sys v2.9.0
[INFO] [stderr]   Downloaded md5 v0.7.0
[INFO] [stderr]   Downloaded synom v0.11.3
[INFO] [stderr]   Downloaded schannel v0.1.22
[INFO] [stderr]   Downloaded tempfile v3.6.0
[INFO] [stderr]   Downloaded darling_core v0.14.4
[INFO] [stderr]   Downloaded dirs-sys v0.4.1
[INFO] [stderr]   Downloaded serde v1.0.171
[INFO] [stderr]   Downloaded instant v0.1.12
[INFO] running `Command { std: "docker" "create" "-v" "/var/lib/crater-agent-workspace/builds/worker-1-tc1/target:/opt/rustwide/target:rw,Z" "-v" "/var/lib/crater-agent-workspace/builds/worker-1-tc1/source:/opt/rustwide/workdir:ro,Z" "-v" "/var/lib/crater-agent-workspace/cargo-home:/opt/rustwide/cargo-home:ro,Z" "-v" "/var/lib/crater-agent-workspace/rustup-home:/opt/rustwide/rustup-home:ro,Z" "-e" "SOURCE_DIR=/opt/rustwide/workdir" "-e" "CARGO_TARGET_DIR=/opt/rustwide/target" "-e" "CARGO_HOME=/opt/rustwide/cargo-home" "-e" "RUSTUP_HOME=/opt/rustwide/rustup-home" "-w" "/opt/rustwide/workdir" "-m" "1610612736" "--user" "0:0" "--network" "none" "ghcr.io/rust-lang/crates-build-env/linux@sha256:2788e3201cd34a07e3172128adcd8b3090168a8e3bcc40d7c032b9dda1df7d1c" "/opt/rustwide/cargo-home/bin/cargo" "+2fe50cd72c476ebacdedb14893e9632b4de961c2" "metadata" "--no-deps" "--format-version=1", kill_on_drop: false }`
[INFO] [stdout] 95b090e4398dda2154b9b99342e4ed1321b8116f2c081c869422e2a486c2bf53
[INFO] running `Command { std: "docker" "start" "-a" "95b090e4398dda2154b9b99342e4ed1321b8116f2c081c869422e2a486c2bf53", kill_on_drop: false }`
[INFO] running `Command { std: "docker" "inspect" "95b090e4398dda2154b9b99342e4ed1321b8116f2c081c869422e2a486c2bf53", kill_on_drop: false }`
[INFO] running `Command { std: "docker" "rm" "-f" "95b090e4398dda2154b9b99342e4ed1321b8116f2c081c869422e2a486c2bf53", kill_on_drop: false }`
[INFO] [stdout] 95b090e4398dda2154b9b99342e4ed1321b8116f2c081c869422e2a486c2bf53
[INFO] running `Command { std: "docker" "create" "-v" "/var/lib/crater-agent-workspace/builds/worker-1-tc1/target:/opt/rustwide/target:rw,Z" "-v" "/var/lib/crater-agent-workspace/builds/worker-1-tc1/source:/opt/rustwide/workdir:ro,Z" "-v" "/var/lib/crater-agent-workspace/cargo-home:/opt/rustwide/cargo-home:ro,Z" "-v" "/var/lib/crater-agent-workspace/rustup-home:/opt/rustwide/rustup-home:ro,Z" "-e" "SOURCE_DIR=/opt/rustwide/workdir" "-e" "CARGO_TARGET_DIR=/opt/rustwide/target" "-e" "CARGO_INCREMENTAL=0" "-e" "RUST_BACKTRACE=full" "-e" "RUSTFLAGS=--cap-lints=forbid" "-e" "RUSTDOCFLAGS=--cap-lints=forbid" "-e" "CARGO_HOME=/opt/rustwide/cargo-home" "-e" "RUSTUP_HOME=/opt/rustwide/rustup-home" "-w" "/opt/rustwide/workdir" "-m" "1610612736" "--user" "0:0" "--network" "none" "ghcr.io/rust-lang/crates-build-env/linux@sha256:2788e3201cd34a07e3172128adcd8b3090168a8e3bcc40d7c032b9dda1df7d1c" "/opt/rustwide/cargo-home/bin/cargo" "+2fe50cd72c476ebacdedb14893e9632b4de961c2" "build" "--frozen" "--message-format=json", kill_on_drop: false }`
[INFO] [stdout] 345e478d7df0962bb79fba104837977da1af403b003629e55dcc3afc8e134c41
[INFO] running `Command { std: "docker" "start" "-a" "345e478d7df0962bb79fba104837977da1af403b003629e55dcc3afc8e134c41", kill_on_drop: false }`
[INFO] [stderr]    Compiling proc-macro2 v1.0.64
[INFO] [stderr]    Compiling quote v1.0.29
[INFO] [stderr]    Compiling unicode-ident v1.0.10
[INFO] [stderr]    Compiling pkg-config v0.3.27
[INFO] [stderr]    Compiling libc v0.2.147
[INFO] [stderr]    Compiling serde v1.0.171
[INFO] [stderr]    Compiling vcpkg v0.2.15
[INFO] [stderr]    Compiling syn v1.0.109
[INFO] [stderr]    Compiling fnv v1.0.7
[INFO] [stderr]    Compiling cc v1.0.79
[INFO] [stderr]    Compiling tinyvec_macros v0.1.1
[INFO] [stderr]    Compiling cfg-if v1.0.0
[INFO] [stderr]    Compiling foreign-types-shared v0.1.1
[INFO] [stderr]    Compiling openssl v0.10.60
[INFO] [stderr]    Compiling percent-encoding v2.3.0
[INFO] [stderr]    Compiling crc32fast v1.3.2
[INFO] [stderr]    Compiling tinyvec v1.6.0
[INFO] [stderr]    Compiling itoa v1.0.8
[INFO] [stderr]    Compiling form_urlencoded v1.2.0
[INFO] [stderr]    Compiling foreign-types v0.3.2
[INFO] [stderr]    Compiling once_cell v1.18.0
[INFO] [stderr]    Compiling adler v1.0.2
[INFO] [stderr]    Compiling unicode-bidi v0.3.13
[INFO] [stderr]    Compiling ryu v1.0.14
[INFO] [stderr]    Compiling native-tls v0.2.11
[INFO] [stderr]    Compiling ident_case v1.0.1
[INFO] [stderr]    Compiling bitflags v2.4.1
[INFO] [stderr]    Compiling strsim v0.10.0
[INFO] [stderr]    Compiling miniz_oxide v0.7.1
[INFO] [stderr]    Compiling bytes v1.4.0
[INFO] [stderr]    Compiling serde_json v1.0.102
[INFO] [stderr]    Compiling log v0.4.19
[INFO] [stderr]    Compiling openssl-probe v0.1.5
[INFO] [stderr]    Compiling thiserror v1.0.43
[INFO] [stderr]    Compiling unicode-xid v0.0.4
[INFO] [stderr]    Compiling synom v0.11.3
[INFO] [stderr]    Compiling unicode-segmentation v1.10.1
[INFO] [stderr]    Compiling hashbrown v0.14.0
[INFO] [stderr]    Compiling libdbus-sys v0.2.5
[INFO] [stderr]    Compiling quote v0.3.15
[INFO] [stderr]    Compiling equivalent v1.0.1
[INFO] [stderr]    Compiling syn v0.11.11
[INFO] [stderr]    Compiling http v0.2.9
[INFO] [stderr]    Compiling anyhow v1.0.71
[INFO] [stderr]    Compiling winnow v0.4.9
[INFO] [stderr]    Compiling option-ext v0.2.0
[INFO] [stderr]    Compiling unicode-normalization v0.1.22
[INFO] [stderr]    Compiling dirs-sys v0.4.1
[INFO] [stderr]    Compiling dbus v0.9.7
[INFO] [stderr]    Compiling rtoolbox v0.0.1
[INFO] [stderr]    Compiling syn v2.0.25
[INFO] [stderr]    Compiling heck v0.3.3
[INFO] [stderr]    Compiling md5 v0.7.0
[INFO] [stderr]    Compiling flate2 v1.0.26
[INFO] [stderr]    Compiling rpassword v7.2.0
[INFO] [stderr]    Compiling dirs v5.0.1
[INFO] [stderr]    Compiling indexmap v2.0.0
[INFO] [stderr]    Compiling idna v0.4.0
[INFO] [stderr]    Compiling openssl-sys v0.9.96
[INFO] [stderr]    Compiling url v2.4.0
[INFO] [stderr]    Compiling derive_is_enum_variant v0.1.1
[INFO] [stderr]    Compiling darling_core v0.14.4
[INFO] [stderr]    Compiling serde_derive v1.0.171
[INFO] [stderr]    Compiling openssl-macros v0.1.1
[INFO] [stderr]    Compiling thiserror-impl v1.0.43
[INFO] [stderr]    Compiling wrapped-vec v0.3.0
[INFO] [stderr]    Compiling enum-kinds v0.5.1
[INFO] [stderr]    Compiling darling_macro v0.14.4
[INFO] [stderr]    Compiling darling v0.14.4
[INFO] [stderr]    Compiling from_variants_impl v1.0.2
[INFO] [stderr]    Compiling from_variants v1.0.2
[INFO] [stderr]    Compiling mpris v2.0.1
[INFO] [stderr]    Compiling toml_datetime v0.6.3
[INFO] [stderr]    Compiling serde_urlencoded v0.7.1
[INFO] [stderr]    Compiling serde_spanned v0.6.3
[INFO] [stderr]    Compiling toml_edit v0.19.12
[INFO] [stderr]    Compiling attohttpc v0.25.0
[INFO] [stderr]    Compiling attohttpc v0.24.1
[INFO] [stderr]    Compiling rustfm-scrobble-proxy v2.0.0
[INFO] [stderr]    Compiling listenbrainz v0.7.0
[INFO] [stderr]    Compiling toml v0.7.6
[INFO] [stderr]    Compiling rescrobbled v0.7.1 (/opt/rustwide/workdir)
[INFO] [stderr]     Finished dev [unoptimized + debuginfo] target(s) in 31.99s
[INFO] [stderr] warning: the following packages contain code that will be rejected by a future version of Rust: wrapped-vec v0.3.0
[INFO] [stderr] note: to see what the problems were, use the option `--future-incompat-report`, or run `cargo report future-incompatibilities --id 1`
[INFO] running `Command { std: "docker" "inspect" "345e478d7df0962bb79fba104837977da1af403b003629e55dcc3afc8e134c41", kill_on_drop: false }`
[INFO] running `Command { std: "docker" "rm" "-f" "345e478d7df0962bb79fba104837977da1af403b003629e55dcc3afc8e134c41", kill_on_drop: false }`
[INFO] [stdout] 345e478d7df0962bb79fba104837977da1af403b003629e55dcc3afc8e134c41
[INFO] running `Command { std: "docker" "create" "-v" "/var/lib/crater-agent-workspace/builds/worker-1-tc1/target:/opt/rustwide/target:rw,Z" "-v" "/var/lib/crater-agent-workspace/builds/worker-1-tc1/source:/opt/rustwide/workdir:ro,Z" "-v" "/var/lib/crater-agent-workspace/cargo-home:/opt/rustwide/cargo-home:ro,Z" "-v" "/var/lib/crater-agent-workspace/rustup-home:/opt/rustwide/rustup-home:ro,Z" "-e" "SOURCE_DIR=/opt/rustwide/workdir" "-e" "CARGO_TARGET_DIR=/opt/rustwide/target" "-e" "CARGO_INCREMENTAL=0" "-e" "RUST_BACKTRACE=full" "-e" "RUSTFLAGS=--cap-lints=forbid" "-e" "RUSTDOCFLAGS=--cap-lints=forbid" "-e" "CARGO_HOME=/opt/rustwide/cargo-home" "-e" "RUSTUP_HOME=/opt/rustwide/rustup-home" "-w" "/opt/rustwide/workdir" "-m" "1610612736" "--user" "0:0" "--network" "none" "ghcr.io/rust-lang/crates-build-env/linux@sha256:2788e3201cd34a07e3172128adcd8b3090168a8e3bcc40d7c032b9dda1df7d1c" "/opt/rustwide/cargo-home/bin/cargo" "+2fe50cd72c476ebacdedb14893e9632b4de961c2" "test" "--frozen" "--no-run" "--message-format=json", kill_on_drop: false }`
[INFO] [stdout] 65401c6f966eb8f0f5b7ee38eff7d496bd57741a59c78f2682a17f477508b1cf
[INFO] running `Command { std: "docker" "start" "-a" "65401c6f966eb8f0f5b7ee38eff7d496bd57741a59c78f2682a17f477508b1cf", kill_on_drop: false }`
[INFO] [stderr]    Compiling libc v0.2.147
[INFO] [stderr]    Compiling io-lifetimes v1.0.11
[INFO] [stderr]    Compiling autocfg v1.1.0
[INFO] [stderr]    Compiling rustix v0.37.25
[INFO] [stderr]    Compiling linux-raw-sys v0.3.8
[INFO] [stderr]    Compiling bitflags v1.3.2
[INFO] [stderr]    Compiling fastrand v1.9.0
[INFO] [stderr]    Compiling tempfile v3.6.0
[INFO] [stderr]    Compiling openssl-sys v0.9.96
[INFO] [stderr]    Compiling rtoolbox v0.0.1
[INFO] [stderr]    Compiling dirs-sys v0.4.1
[INFO] [stderr]    Compiling dbus v0.9.7
[INFO] [stderr]    Compiling dirs v5.0.1
[INFO] [stderr]    Compiling rpassword v7.2.0
[INFO] [stderr]    Compiling openssl v0.10.60
[INFO] [stderr]    Compiling mpris v2.0.1
[INFO] [stderr]    Compiling native-tls v0.2.11
[INFO] [stderr]    Compiling attohttpc v0.24.1
[INFO] [stderr]    Compiling attohttpc v0.25.0
[INFO] [stderr]    Compiling rustfm-scrobble-proxy v2.0.0
[INFO] [stderr]    Compiling listenbrainz v0.7.0
[INFO] [stderr]    Compiling rescrobbled v0.7.1 (/opt/rustwide/workdir)
[INFO] [stderr]     Finished test [unoptimized + debuginfo] target(s) in 20.21s
[INFO] [stderr] warning: the following packages contain code that will be rejected by a future version of Rust: wrapped-vec v0.3.0
[INFO] [stderr] note: to see what the problems were, use the option `--future-incompat-report`, or run `cargo report future-incompatibilities --id 1`
[INFO] running `Command { std: "docker" "inspect" "65401c6f966eb8f0f5b7ee38eff7d496bd57741a59c78f2682a17f477508b1cf", kill_on_drop: false }`
[INFO] running `Command { std: "docker" "rm" "-f" "65401c6f966eb8f0f5b7ee38eff7d496bd57741a59c78f2682a17f477508b1cf", kill_on_drop: false }`
[INFO] [stdout] 65401c6f966eb8f0f5b7ee38eff7d496bd57741a59c78f2682a17f477508b1cf
[INFO] running `Command { std: "docker" "create" "-v" "/var/lib/crater-agent-workspace/builds/worker-1-tc1/target:/opt/rustwide/target:rw,Z" "-v" "/var/lib/crater-agent-workspace/builds/worker-1-tc1/source:/opt/rustwide/workdir:ro,Z" "-v" "/var/lib/crater-agent-workspace/cargo-home:/opt/rustwide/cargo-home:ro,Z" "-v" "/var/lib/crater-agent-workspace/rustup-home:/opt/rustwide/rustup-home:ro,Z" "-e" "SOURCE_DIR=/opt/rustwide/workdir" "-e" "CARGO_TARGET_DIR=/opt/rustwide/target" "-e" "CARGO_INCREMENTAL=0" "-e" "RUST_BACKTRACE=full" "-e" "RUSTFLAGS=--cap-lints=forbid" "-e" "RUSTDOCFLAGS=--cap-lints=forbid" "-e" "CARGO_HOME=/opt/rustwide/cargo-home" "-e" "RUSTUP_HOME=/opt/rustwide/rustup-home" "-w" "/opt/rustwide/workdir" "-m" "1610612736" "--user" "0:0" "--network" "none" "ghcr.io/rust-lang/crates-build-env/linux@sha256:2788e3201cd34a07e3172128adcd8b3090168a8e3bcc40d7c032b9dda1df7d1c" "/opt/rustwide/cargo-home/bin/cargo" "+2fe50cd72c476ebacdedb14893e9632b4de961c2" "test" "--frozen", kill_on_drop: false }`
[INFO] [stdout] d82f3b9699416593434362238902c6bd9a74fbe4d59ce73ad34ed22f23371182
[INFO] running `Command { std: "docker" "start" "-a" "d82f3b9699416593434362238902c6bd9a74fbe4d59ce73ad34ed22f23371182", kill_on_drop: false }`
[INFO] [stderr]     Finished test [unoptimized + debuginfo] target(s) in 0.13s
[INFO] [stderr] warning: the following packages contain code that will be rejected by a future version of Rust: wrapped-vec v0.3.0
[INFO] [stderr] note: to see what the problems were, use the option `--future-incompat-report`, or run `cargo report future-incompatibilities --id 1`
[INFO] [stderr]      Running unittests src/main.rs (/opt/rustwide/target/debug/deps/rescrobbled-da5549138a4ca592)
[INFO] [stdout] 
[INFO] [stdout] running 6 tests
[INFO] [stdout] test config::tests::test_normalize_empty_config ... ok
[INFO] [stdout] test config::tests::test_normalize_listenbrainz_double ... ok
[INFO] [stdout] test track::tests::test_new ... ok
[INFO] [stdout] test config::tests::test_normalize_listenbrainz_token ... ok
[INFO] [stdout] test track::tests::test_from_metadata ... ok
[INFO] [stdout] test filter::tests::test_filter_script ... ok
[INFO] [stdout] 
[INFO] [stdout] test result: ok. 6 passed; 0 failed; 0 ignored; 0 measured; 0 filtered out; finished in 0.05s
[INFO] [stdout] 
[INFO] running `Command { std: "docker" "inspect" "d82f3b9699416593434362238902c6bd9a74fbe4d59ce73ad34ed22f23371182", kill_on_drop: false }`
[INFO] running `Command { std: "docker" "rm" "-f" "d82f3b9699416593434362238902c6bd9a74fbe4d59ce73ad34ed22f23371182", kill_on_drop: false }`
[INFO] [stdout] d82f3b9699416593434362238902c6bd9a74fbe4d59ce73ad34ed22f23371182
[INFO] testing InputUsername/rescrobbled against try#9c1665de5d324fe858dc15371578d6f928bfc123 for pr-116088-2
[INFO] running `Command { std: "git" "clone" "/workspace/cache/git-repos/https%3A%2F%2Fgithub.com%2FInputUsername%2Frescrobbled" "/workspace/builds/worker-1-tc2/source", kill_on_drop: false }`
[INFO] [stderr] Cloning into '/workspace/builds/worker-1-tc2/source'...
[INFO] [stderr] done.
[INFO] validating manifest of git repo https://github.com/InputUsername/rescrobbled on toolchain 9c1665de5d324fe858dc15371578d6f928bfc123
[INFO] running `Command { std: CARGO_HOME="/workspace/cargo-home" RUSTUP_HOME="/workspace/rustup-home" "/workspace/cargo-home/bin/cargo" "+9c1665de5d324fe858dc15371578d6f928bfc123" "metadata" "--manifest-path" "Cargo.toml" "--no-deps", kill_on_drop: false }`
[INFO] started tweaking git repo https://github.com/InputUsername/rescrobbled
[INFO] finished tweaking git repo https://github.com/InputUsername/rescrobbled
[INFO] tweaked toml for git repo https://github.com/InputUsername/rescrobbled written to /workspace/builds/worker-1-tc2/source/Cargo.toml
[INFO] crate git repo https://github.com/InputUsername/rescrobbled already has a lockfile, it will not be regenerated
[INFO] running `Command { std: CARGO_HOME="/workspace/cargo-home" RUSTUP_HOME="/workspace/rustup-home" "/workspace/cargo-home/bin/cargo" "+9c1665de5d324fe858dc15371578d6f928bfc123" "fetch" "--manifest-path" "Cargo.toml", kill_on_drop: false }`
[INFO] running `Command { std: "docker" "create" "-v" "/var/lib/crater-agent-workspace/builds/worker-1-tc2/target:/opt/rustwide/target:rw,Z" "-v" "/var/lib/crater-agent-workspace/builds/worker-1-tc2/source:/opt/rustwide/workdir:ro,Z" "-v" "/var/lib/crater-agent-workspace/cargo-home:/opt/rustwide/cargo-home:ro,Z" "-v" "/var/lib/crater-agent-workspace/rustup-home:/opt/rustwide/rustup-home:ro,Z" "-e" "SOURCE_DIR=/opt/rustwide/workdir" "-e" "CARGO_TARGET_DIR=/opt/rustwide/target" "-e" "CARGO_HOME=/opt/rustwide/cargo-home" "-e" "RUSTUP_HOME=/opt/rustwide/rustup-home" "-w" "/opt/rustwide/workdir" "-m" "1610612736" "--user" "0:0" "--network" "none" "ghcr.io/rust-lang/crates-build-env/linux@sha256:2788e3201cd34a07e3172128adcd8b3090168a8e3bcc40d7c032b9dda1df7d1c" "/opt/rustwide/cargo-home/bin/cargo" "+9c1665de5d324fe858dc15371578d6f928bfc123" "metadata" "--no-deps" "--format-version=1", kill_on_drop: false }`
[INFO] [stdout] 81670ef4471427f0ed2a5c470c209a8444e549fa1bb61cf94ceebf79c918c253
[INFO] running `Command { std: "docker" "start" "-a" "81670ef4471427f0ed2a5c470c209a8444e549fa1bb61cf94ceebf79c918c253", kill_on_drop: false }`
[INFO] running `Command { std: "docker" "inspect" "81670ef4471427f0ed2a5c470c209a8444e549fa1bb61cf94ceebf79c918c253", kill_on_drop: false }`
[INFO] running `Command { std: "docker" "rm" "-f" "81670ef4471427f0ed2a5c470c209a8444e549fa1bb61cf94ceebf79c918c253", kill_on_drop: false }`
[INFO] [stdout] 81670ef4471427f0ed2a5c470c209a8444e549fa1bb61cf94ceebf79c918c253
[INFO] running `Command { std: "docker" "create" "-v" "/var/lib/crater-agent-workspace/builds/worker-1-tc2/target:/opt/rustwide/target:rw,Z" "-v" "/var/lib/crater-agent-workspace/builds/worker-1-tc2/source:/opt/rustwide/workdir:ro,Z" "-v" "/var/lib/crater-agent-workspace/cargo-home:/opt/rustwide/cargo-home:ro,Z" "-v" "/var/lib/crater-agent-workspace/rustup-home:/opt/rustwide/rustup-home:ro,Z" "-e" "SOURCE_DIR=/opt/rustwide/workdir" "-e" "CARGO_TARGET_DIR=/opt/rustwide/target" "-e" "CARGO_INCREMENTAL=0" "-e" "RUST_BACKTRACE=full" "-e" "RUSTFLAGS=--cap-lints=forbid" "-e" "RUSTDOCFLAGS=--cap-lints=forbid" "-e" "CARGO_HOME=/opt/rustwide/cargo-home" "-e" "RUSTUP_HOME=/opt/rustwide/rustup-home" "-w" "/opt/rustwide/workdir" "-m" "1610612736" "--user" "0:0" "--network" "none" "ghcr.io/rust-lang/crates-build-env/linux@sha256:2788e3201cd34a07e3172128adcd8b3090168a8e3bcc40d7c032b9dda1df7d1c" "/opt/rustwide/cargo-home/bin/cargo" "+9c1665de5d324fe858dc15371578d6f928bfc123" "build" "--frozen" "--message-format=json", kill_on_drop: false }`
[INFO] [stdout] a699e1d04fc32570c3833f52774dbebee2e13574a9efac21b34b4930dc3a5339
[INFO] running `Command { std: "docker" "start" "-a" "a699e1d04fc32570c3833f52774dbebee2e13574a9efac21b34b4930dc3a5339", kill_on_drop: false }`
[INFO] [stderr]    Compiling proc-macro2 v1.0.64
[INFO] [stderr]    Compiling unicode-ident v1.0.10
[INFO] [stderr]    Compiling quote v1.0.29
[INFO] [stderr]    Compiling pkg-config v0.3.27
[INFO] [stderr]    Compiling libc v0.2.147
[INFO] [stderr]    Compiling serde v1.0.171
[INFO] [stderr]    Compiling fnv v1.0.7
[INFO] [stderr]    Compiling vcpkg v0.2.15
[INFO] [stderr]    Compiling cc v1.0.79
[INFO] [stderr]    Compiling syn v1.0.109
[INFO] [stderr]    Compiling tinyvec_macros v0.1.1
[INFO] [stderr]    Compiling cfg-if v1.0.0
[INFO] [stderr]    Compiling itoa v1.0.8
[INFO] [stderr]    Compiling percent-encoding v2.3.0
[INFO] [stderr]    Compiling crc32fast v1.3.2
[INFO] [stderr]    Compiling openssl v0.10.60
[INFO] [stderr]    Compiling tinyvec v1.6.0
[INFO] [stderr]    Compiling foreign-types-shared v0.1.1
[INFO] [stderr]    Compiling bitflags v2.4.1
[INFO] [stderr]    Compiling form_urlencoded v1.2.0
[INFO] [stderr]    Compiling strsim v0.10.0
[INFO] [stderr]    Compiling foreign-types v0.3.2
[INFO] [stderr]    Compiling once_cell v1.18.0
[INFO] [stderr]    Compiling ident_case v1.0.1
[INFO] [stderr]    Compiling ryu v1.0.14
[INFO] [stderr]    Compiling unicode-bidi v0.3.13
[INFO] [stderr]    Compiling adler v1.0.2
[INFO] [stderr]    Compiling native-tls v0.2.11
[INFO] [stderr]    Compiling openssl-probe v0.1.5
[INFO] [stderr]    Compiling bytes v1.4.0
[INFO] [stderr]    Compiling miniz_oxide v0.7.1
[INFO] [stderr]    Compiling serde_json v1.0.102
[INFO] [stderr]    Compiling log v0.4.19
[INFO] [stderr]    Compiling unicode-xid v0.0.4
[INFO] [stderr]    Compiling thiserror v1.0.43
[INFO] [stderr]    Compiling equivalent v1.0.1
[INFO] [stderr]    Compiling hashbrown v0.14.0
[INFO] [stderr]    Compiling synom v0.11.3
[INFO] [stderr]    Compiling unicode-segmentation v1.10.1
[INFO] [stderr]    Compiling quote v0.3.15
[INFO] [stderr]    Compiling anyhow v1.0.71
[INFO] [stderr]    Compiling winnow v0.4.9
[INFO] [stderr]    Compiling libdbus-sys v0.2.5
[INFO] [stderr]    Compiling heck v0.3.3
[INFO] [stderr]    Compiling http v0.2.9
[INFO] [stderr]    Compiling syn v0.11.11
[INFO] [stderr]    Compiling indexmap v2.0.0
[INFO] [stderr]    Compiling option-ext v0.2.0
[INFO] [stderr]    Compiling flate2 v1.0.26
[INFO] [stderr]    Compiling md5 v0.7.0
[INFO] [stderr]    Compiling dirs-sys v0.4.1
[INFO] [stderr]    Compiling dbus v0.9.7
[INFO] [stderr]    Compiling rtoolbox v0.0.1
[INFO] [stderr]    Compiling syn v2.0.25
[INFO] [stderr]    Compiling dirs v5.0.1
[INFO] [stderr]    Compiling rpassword v7.2.0
[INFO] [stderr]    Compiling unicode-normalization v0.1.22
[INFO] [stderr]    Compiling openssl-sys v0.9.96
[INFO] [stderr]    Compiling idna v0.4.0
[INFO] [stderr]    Compiling derive_is_enum_variant v0.1.1
[INFO] [stderr]    Compiling url v2.4.0
[INFO] [stderr]    Compiling darling_core v0.14.4
[INFO] [stderr]    Compiling serde_derive v1.0.171
[INFO] [stderr]    Compiling openssl-macros v0.1.1
[INFO] [stderr]    Compiling thiserror-impl v1.0.43
[INFO] [stderr]    Compiling wrapped-vec v0.3.0
[INFO] [stderr]    Compiling enum-kinds v0.5.1
[INFO] [stderr]    Compiling darling_macro v0.14.4
[INFO] [stderr]    Compiling darling v0.14.4
[INFO] [stderr]    Compiling from_variants_impl v1.0.2
[INFO] [stderr]    Compiling from_variants v1.0.2
[INFO] [stderr]    Compiling mpris v2.0.1
[INFO] [stderr]    Compiling serde_urlencoded v0.7.1
[INFO] [stderr]    Compiling serde_spanned v0.6.3
[INFO] [stderr]    Compiling toml_datetime v0.6.3
[INFO] [stderr]    Compiling toml_edit v0.19.12
[INFO] [stderr]    Compiling attohttpc v0.25.0
[INFO] [stderr]    Compiling attohttpc v0.24.1
[INFO] [stderr]    Compiling rustfm-scrobble-proxy v2.0.0
[INFO] [stderr]    Compiling listenbrainz v0.7.0
[INFO] [stderr]    Compiling toml v0.7.6
[INFO] [stderr]    Compiling rescrobbled v0.7.1 (/opt/rustwide/workdir)
[INFO] [stderr]     Finished dev [unoptimized + debuginfo] target(s) in 32.57s
[INFO] [stderr] warning: the following packages contain code that will be rejected by a future version of Rust: wrapped-vec v0.3.0
[INFO] [stderr] note: to see what the problems were, use the option `--future-incompat-report`, or run `cargo report future-incompatibilities --id 1`
[INFO] running `Command { std: "docker" "inspect" "a699e1d04fc32570c3833f52774dbebee2e13574a9efac21b34b4930dc3a5339", kill_on_drop: false }`
[INFO] running `Command { std: "docker" "rm" "-f" "a699e1d04fc32570c3833f52774dbebee2e13574a9efac21b34b4930dc3a5339", kill_on_drop: false }`
[INFO] [stdout] a699e1d04fc32570c3833f52774dbebee2e13574a9efac21b34b4930dc3a5339
[INFO] running `Command { std: "docker" "create" "-v" "/var/lib/crater-agent-workspace/builds/worker-1-tc2/target:/opt/rustwide/target:rw,Z" "-v" "/var/lib/crater-agent-workspace/builds/worker-1-tc2/source:/opt/rustwide/workdir:ro,Z" "-v" "/var/lib/crater-agent-workspace/cargo-home:/opt/rustwide/cargo-home:ro,Z" "-v" "/var/lib/crater-agent-workspace/rustup-home:/opt/rustwide/rustup-home:ro,Z" "-e" "SOURCE_DIR=/opt/rustwide/workdir" "-e" "CARGO_TARGET_DIR=/opt/rustwide/target" "-e" "CARGO_INCREMENTAL=0" "-e" "RUST_BACKTRACE=full" "-e" "RUSTFLAGS=--cap-lints=forbid" "-e" "RUSTDOCFLAGS=--cap-lints=forbid" "-e" "CARGO_HOME=/opt/rustwide/cargo-home" "-e" "RUSTUP_HOME=/opt/rustwide/rustup-home" "-w" "/opt/rustwide/workdir" "-m" "1610612736" "--user" "0:0" "--network" "none" "ghcr.io/rust-lang/crates-build-env/linux@sha256:2788e3201cd34a07e3172128adcd8b3090168a8e3bcc40d7c032b9dda1df7d1c" "/opt/rustwide/cargo-home/bin/cargo" "+9c1665de5d324fe858dc15371578d6f928bfc123" "test" "--frozen" "--no-run" "--message-format=json", kill_on_drop: false }`
[INFO] [stdout] 1f1572345897ccd2d2d97e89544a643d4ba3828392029c674c9bbdb034f00e9c
[INFO] running `Command { std: "docker" "start" "-a" "1f1572345897ccd2d2d97e89544a643d4ba3828392029c674c9bbdb034f00e9c", kill_on_drop: false }`
[INFO] [stderr]    Compiling libc v0.2.147
[INFO] [stderr]    Compiling io-lifetimes v1.0.11
[INFO] [stderr]    Compiling rustix v0.37.25
[INFO] [stderr]    Compiling autocfg v1.1.0
[INFO] [stderr]    Compiling linux-raw-sys v0.3.8
[INFO] [stderr]    Compiling bitflags v1.3.2
[INFO] [stderr]    Compiling fastrand v1.9.0
[INFO] [stderr]    Compiling tempfile v3.6.0
[INFO] [stderr]    Compiling openssl-sys v0.9.96
[INFO] [stderr]    Compiling dirs-sys v0.4.1
[INFO] [stderr]    Compiling dbus v0.9.7
[INFO] [stderr]    Compiling rtoolbox v0.0.1
[INFO] [stderr]    Compiling rpassword v7.2.0
[INFO] [stderr]    Compiling dirs v5.0.1
[INFO] [stderr]    Compiling openssl v0.10.60
[INFO] [stderr]    Compiling mpris v2.0.1
[INFO] [stderr]    Compiling native-tls v0.2.11
[INFO] [stderr]    Compiling attohttpc v0.24.1
[INFO] [stderr]    Compiling attohttpc v0.25.0
[INFO] [stderr]    Compiling listenbrainz v0.7.0
[INFO] [stderr]    Compiling rustfm-scrobble-proxy v2.0.0
[INFO] [stderr]    Compiling rescrobbled v0.7.1 (/opt/rustwide/workdir)
[INFO] [stderr]     Finished test [unoptimized + debuginfo] target(s) in 19.49s
[INFO] [stderr] warning: the following packages contain code that will be rejected by a future version of Rust: wrapped-vec v0.3.0
[INFO] [stderr] note: to see what the problems were, use the option `--future-incompat-report`, or run `cargo report future-incompatibilities --id 1`
[INFO] running `Command { std: "docker" "inspect" "1f1572345897ccd2d2d97e89544a643d4ba3828392029c674c9bbdb034f00e9c", kill_on_drop: false }`
[INFO] running `Command { std: "docker" "rm" "-f" "1f1572345897ccd2d2d97e89544a643d4ba3828392029c674c9bbdb034f00e9c", kill_on_drop: false }`
[INFO] [stdout] 1f1572345897ccd2d2d97e89544a643d4ba3828392029c674c9bbdb034f00e9c
[INFO] running `Command { std: "docker" "create" "-v" "/var/lib/crater-agent-workspace/builds/worker-1-tc2/target:/opt/rustwide/target:rw,Z" "-v" "/var/lib/crater-agent-workspace/builds/worker-1-tc2/source:/opt/rustwide/workdir:ro,Z" "-v" "/var/lib/crater-agent-workspace/cargo-home:/opt/rustwide/cargo-home:ro,Z" "-v" "/var/lib/crater-agent-workspace/rustup-home:/opt/rustwide/rustup-home:ro,Z" "-e" "SOURCE_DIR=/opt/rustwide/workdir" "-e" "CARGO_TARGET_DIR=/opt/rustwide/target" "-e" "CARGO_INCREMENTAL=0" "-e" "RUST_BACKTRACE=full" "-e" "RUSTFLAGS=--cap-lints=forbid" "-e" "RUSTDOCFLAGS=--cap-lints=forbid" "-e" "CARGO_HOME=/opt/rustwide/cargo-home" "-e" "RUSTUP_HOME=/opt/rustwide/rustup-home" "-w" "/opt/rustwide/workdir" "-m" "1610612736" "--user" "0:0" "--network" "none" "ghcr.io/rust-lang/crates-build-env/linux@sha256:2788e3201cd34a07e3172128adcd8b3090168a8e3bcc40d7c032b9dda1df7d1c" "/opt/rustwide/cargo-home/bin/cargo" "+9c1665de5d324fe858dc15371578d6f928bfc123" "test" "--frozen", kill_on_drop: false }`
[INFO] [stdout] e5437ffa095c5b00dcb6a961cfd5cabc6be64bf8e408388aa804926ffdd15ed5
[INFO] running `Command { std: "docker" "start" "-a" "e5437ffa095c5b00dcb6a961cfd5cabc6be64bf8e408388aa804926ffdd15ed5", kill_on_drop: false }`
[INFO] [stderr]     Finished test [unoptimized + debuginfo] target(s) in 0.14s
[INFO] [stderr] warning: the following packages contain code that will be rejected by a future version of Rust: wrapped-vec v0.3.0
[INFO] [stderr] note: to see what the problems were, use the option `--future-incompat-report`, or run `cargo report future-incompatibilities --id 1`
[INFO] [stderr]      Running unittests src/main.rs (/opt/rustwide/target/debug/deps/rescrobbled-da5549138a4ca592)
[INFO] [stdout] 
[INFO] [stdout] running 6 tests
[INFO] [stdout] test track::tests::test_new ... ok
[INFO] [stdout] test config::tests::test_normalize_empty_config ... ok
[INFO] [stdout] test track::tests::test_from_metadata ... ok
[INFO] [stdout] test config::tests::test_normalize_listenbrainz_token ... ok
[INFO] [stdout] test config::tests::test_normalize_listenbrainz_double ... ok
[INFO] [stdout] test filter::tests::test_filter_script ... FAILED
[INFO] [stdout] 
[INFO] [stdout] failures:
[INFO] [stdout] 
[INFO] [stdout] ---- filter::tests::test_filter_script stdout ----
[INFO] [stdout] thread 'filter::tests::test_filter_script' panicked at src/filter.rs:168:14:
[INFO] [stdout] called `Result::unwrap()` on an `Err` value: Failed to write track metadata to filter script stdin
[INFO] [stdout] 
[INFO] [stdout] Caused by:
[INFO] [stdout]     Broken pipe (os error 32)
[INFO] [stdout] stack backtrace:
[INFO] [stdout]    0:     0x55b02ee11006 - std::backtrace_rs::backtrace::libunwind::trace::h91c8d54ed99a4c55
[INFO] [stdout]                                at /rustc/9c1665de5d324fe858dc15371578d6f928bfc123/library/std/src/../../backtrace/src/backtrace/libunwind.rs:104:5
[INFO] [stdout]    1:     0x55b02ee11006 - std::backtrace_rs::backtrace::trace_unsynchronized::h715a9230a8fcfb93
[INFO] [stdout]                                at /rustc/9c1665de5d324fe858dc15371578d6f928bfc123/library/std/src/../../backtrace/src/backtrace/mod.rs:66:5
[INFO] [stdout]    2:     0x55b02ee11006 - std::sys_common::backtrace::_print_fmt::hbab9610f7b3c51a4
[INFO] [stdout]                                at /rustc/9c1665de5d324fe858dc15371578d6f928bfc123/library/std/src/sys_common/backtrace.rs:68:5
[INFO] [stdout]    3:     0x55b02ee11006 - <std::sys_common::backtrace::_print::DisplayBacktrace as core::fmt::Display>::fmt::h56c55e88977fc622
[INFO] [stdout]                                at /rustc/9c1665de5d324fe858dc15371578d6f928bfc123/library/std/src/sys_common/backtrace.rs:44:22
[INFO] [stdout]    4:     0x55b02ee3aa60 - core::fmt::rt::Argument::fmt::heebe33f1e8c6d0f8
[INFO] [stdout]                                at /rustc/9c1665de5d324fe858dc15371578d6f928bfc123/library/core/src/fmt/rt.rs:142:9
[INFO] [stdout]    5:     0x55b02ee3aa60 - core::fmt::write::h73e5b8b14759e609
[INFO] [stdout]                                at /rustc/9c1665de5d324fe858dc15371578d6f928bfc123/library/core/src/fmt/mod.rs:1120:17
[INFO] [stdout]    6:     0x55b02ee0e46f - std::io::Write::write_fmt::hc6810e91f58091ef
[INFO] [stdout]                                at /rustc/9c1665de5d324fe858dc15371578d6f928bfc123/library/std/src/io/mod.rs:1810:15
[INFO] [stdout]    7:     0x55b02ee10de4 - std::sys_common::backtrace::_print::h835c23092b2371d8
[INFO] [stdout]                                at /rustc/9c1665de5d324fe858dc15371578d6f928bfc123/library/std/src/sys_common/backtrace.rs:47:5
[INFO] [stdout]    8:     0x55b02ee10de4 - std::sys_common::backtrace::print::h220bc735ac93468b
[INFO] [stdout]                                at /rustc/9c1665de5d324fe858dc15371578d6f928bfc123/library/std/src/sys_common/backtrace.rs:34:9
[INFO] [stdout]    9:     0x55b02ee12b57 - std::panicking::default_hook::{{closure}}::h13e5c81c71823f66
[INFO] [stdout]   10:     0x55b02ee1283d - std::panicking::default_hook::h49decadd8f3385a7
[INFO] [stdout]                                at /rustc/9c1665de5d324fe858dc15371578d6f928bfc123/library/std/src/panicking.rs:289:9
[INFO] [stdout]   11:     0x55b02edc5137 - <alloc::boxed::Box<F,A> as core::ops::function::Fn<Args>>::call::h948fb53b8b08f768
[INFO] [stdout]                                at /rustc/9c1665de5d324fe858dc15371578d6f928bfc123/library/alloc/src/boxed.rs:2029:9
[INFO] [stdout]   12:     0x55b02edc5137 - test::test_main::{{closure}}::hb4f3e5071c7080f1
[INFO] [stdout]                                at /rustc/9c1665de5d324fe858dc15371578d6f928bfc123/library/test/src/lib.rs:138:21
[INFO] [stdout]   13:     0x55b02ee13176 - <alloc::boxed::Box<F,A> as core::ops::function::Fn<Args>>::call::hcd5802f61674126e
[INFO] [stdout]                                at /rustc/9c1665de5d324fe858dc15371578d6f928bfc123/library/alloc/src/boxed.rs:2029:9
[INFO] [stdout]   14:     0x55b02ee13176 - std::panicking::rust_panic_with_hook::hd27f6b49984c37db
[INFO] [stdout]                                at /rustc/9c1665de5d324fe858dc15371578d6f928bfc123/library/std/src/panicking.rs:783:13
[INFO] [stdout]   15:     0x55b02ee12ec2 - std::panicking::begin_panic_handler::{{closure}}::h3cbc731df9d96e4d
[INFO] [stdout]                                at /rustc/9c1665de5d324fe858dc15371578d6f928bfc123/library/std/src/panicking.rs:657:13
[INFO] [stdout]   16:     0x55b02ee11506 - std::sys_common::backtrace::__rust_end_short_backtrace::hc27809f103d211f0
[INFO] [stdout]                                at /rustc/9c1665de5d324fe858dc15371578d6f928bfc123/library/std/src/sys_common/backtrace.rs:171:18
[INFO] [stdout]   17:     0x55b02ee12c20 - rust_begin_unwind
[INFO] [stdout]                                at /rustc/9c1665de5d324fe858dc15371578d6f928bfc123/library/std/src/panicking.rs:645:5
[INFO] [stdout]   18:     0x55b02ed74175 - core::panicking::panic_fmt::ha729e53058547cad
[INFO] [stdout]                                at /rustc/9c1665de5d324fe858dc15371578d6f928bfc123/library/core/src/panicking.rs:72:14
[INFO] [stdout]   19:     0x55b02ed74713 - core::result::unwrap_failed::h94a3ea7a3449b5ea
[INFO] [stdout]                                at /rustc/9c1665de5d324fe858dc15371578d6f928bfc123/library/core/src/result.rs:1649:5
[INFO] [stdout]   20:     0x55b02ed76ccd - core::result::Result<T,E>::unwrap::he9df8591c20da62d
[INFO] [stdout]                                at /rustc/9c1665de5d324fe858dc15371578d6f928bfc123/library/core/src/result.rs:1073:23
[INFO] [stdout]   21:     0x55b02ed81f04 - rescrobbled::filter::tests::test_filter_script::h446d1deab2ea37b4
[INFO] [stdout]                                at /opt/rustwide/workdir/src/filter.rs:163:13
[INFO] [stdout]   22:     0x55b02ed81707 - rescrobbled::filter::tests::test_filter_script::{{closure}}::h171a8b1b74ac197a
[INFO] [stdout]                                at /opt/rustwide/workdir/src/filter.rs:119:28
[INFO] [stdout]   23:     0x55b02ed753b6 - core::ops::function::FnOnce::call_once::h7184697e4d9e1d65
[INFO] [stdout]                                at /rustc/9c1665de5d324fe858dc15371578d6f928bfc123/library/core/src/ops/function.rs:250:5
[INFO] [stdout]   24:     0x55b02edcaa0f - core::ops::function::FnOnce::call_once::hc0fe9d49e29a8147
[INFO] [stdout]                                at /rustc/9c1665de5d324fe858dc15371578d6f928bfc123/library/core/src/ops/function.rs:250:5
[INFO] [stdout]   25:     0x55b02edcaa0f - test::__rust_begin_short_backtrace::haa61ceb70470fb3e
[INFO] [stdout]                                at /rustc/9c1665de5d324fe858dc15371578d6f928bfc123/library/test/src/lib.rs:627:18
[INFO] [stdout]   26:     0x55b02edc9791 - test::run_test_in_process::{{closure}}::h8585fae9636dddb2
[INFO] [stdout]                                at /rustc/9c1665de5d324fe858dc15371578d6f928bfc123/library/test/src/lib.rs:650:60
[INFO] [stdout]   27:     0x55b02edc9791 - <core::panic::unwind_safe::AssertUnwindSafe<F> as core::ops::function::FnOnce<()>>::call_once::hb7a42bf7326d90ad
[INFO] [stdout]                                at /rustc/9c1665de5d324fe858dc15371578d6f928bfc123/library/core/src/panic/unwind_safe.rs:272:9
[INFO] [stdout]   28:     0x55b02edc9791 - std::panicking::try::do_call::h9063f39381e190d5
[INFO] [stdout]                                at /rustc/9c1665de5d324fe858dc15371578d6f928bfc123/library/std/src/panicking.rs:552:40
[INFO] [stdout]   29:     0x55b02edc9791 - std::panicking::try::h1e696c55679552ba
[INFO] [stdout]                                at /rustc/9c1665de5d324fe858dc15371578d6f928bfc123/library/std/src/panicking.rs:516:19
[INFO] [stdout]   30:     0x55b02edc9791 - std::panic::catch_unwind::ha638c57cde7bcebd
[INFO] [stdout]                                at /rustc/9c1665de5d324fe858dc15371578d6f928bfc123/library/std/src/panic.rs:142:14
[INFO] [stdout]   31:     0x55b02edc9791 - test::run_test_in_process::h87d13783dd3d2492
[INFO] [stdout]                                at /rustc/9c1665de5d324fe858dc15371578d6f928bfc123/library/test/src/lib.rs:650:27
[INFO] [stdout]   32:     0x55b02edc9791 - test::run_test::{{closure}}::hbfb7402b4584e0f1
[INFO] [stdout]                                at /rustc/9c1665de5d324fe858dc15371578d6f928bfc123/library/test/src/lib.rs:573:43
[INFO] [stdout]   33:     0x55b02ed90c36 - test::run_test::{{closure}}::h6b5a8e7824747db3
[INFO] [stdout]                                at /rustc/9c1665de5d324fe858dc15371578d6f928bfc123/library/test/src/lib.rs:601:41
[INFO] [stdout]   34:     0x55b02ed90c36 - std::sys_common::backtrace::__rust_begin_short_backtrace::hd4768720b288897d
[INFO] [stdout]                                at /rustc/9c1665de5d324fe858dc15371578d6f928bfc123/library/std/src/sys_common/backtrace.rs:155:18
[INFO] [stdout]   35:     0x55b02ed95c97 - std::thread::Builder::spawn_unchecked_::{{closure}}::{{closure}}::ha03eb79d3e2ff5a3
[INFO] [stdout]                                at /rustc/9c1665de5d324fe858dc15371578d6f928bfc123/library/std/src/thread/mod.rs:529:17
[INFO] [stdout]   36:     0x55b02ed95c97 - <core::panic::unwind_safe::AssertUnwindSafe<F> as core::ops::function::FnOnce<()>>::call_once::hec8051eee7bc5c29
[INFO] [stdout]                                at /rustc/9c1665de5d324fe858dc15371578d6f928bfc123/library/core/src/panic/unwind_safe.rs:272:9
[INFO] [stdout]   37:     0x55b02ed95c97 - std::panicking::try::do_call::ha639d9c4a070100b
[INFO] [stdout]                                at /rustc/9c1665de5d324fe858dc15371578d6f928bfc123/library/std/src/panicking.rs:552:40
[INFO] [stdout]   38:     0x55b02ed95c97 - std::panicking::try::ha45df3d3f6ed1370
[INFO] [stdout]                                at /rustc/9c1665de5d324fe858dc15371578d6f928bfc123/library/std/src/panicking.rs:516:19
[INFO] [stdout]   39:     0x55b02ed95c97 - std::panic::catch_unwind::hac44f4c50a87c82d
[INFO] [stdout]                                at /rustc/9c1665de5d324fe858dc15371578d6f928bfc123/library/std/src/panic.rs:142:14
[INFO] [stdout]   40:     0x55b02ed95c97 - std::thread::Builder::spawn_unchecked_::{{closure}}::hfecb7080eaed2a35
[INFO] [stdout]                                at /rustc/9c1665de5d324fe858dc15371578d6f928bfc123/library/std/src/thread/mod.rs:528:30
[INFO] [stdout]   41:     0x55b02ed95c97 - core::ops::function::FnOnce::call_once{{vtable.shim}}::h4739d9410aed0b36
[INFO] [stdout]                                at /rustc/9c1665de5d324fe858dc15371578d6f928bfc123/library/core/src/ops/function.rs:250:5
[INFO] [stdout]   42:     0x55b02ee186c5 - <alloc::boxed::Box<F,A> as core::ops::function::FnOnce<Args>>::call_once::hf07182c172025753
[INFO] [stdout]                                at /rustc/9c1665de5d324fe858dc15371578d6f928bfc123/library/alloc/src/boxed.rs:2015:9
[INFO] [stdout]   43:     0x55b02ee186c5 - <alloc::boxed::Box<F,A> as core::ops::function::FnOnce<Args>>::call_once::hffcc280980d6bb6c
[INFO] [stdout]                                at /rustc/9c1665de5d324fe858dc15371578d6f928bfc123/library/alloc/src/boxed.rs:2015:9
[INFO] [stdout]   44:     0x55b02ee186c5 - std::sys::unix::thread::Thread::new::thread_start::h35e8c1dabb0282bb
[INFO] [stdout]                                at /rustc/9c1665de5d324fe858dc15371578d6f928bfc123/library/std/src/sys/unix/thread.rs:108:17
[INFO] [stdout]   45:     0x7f13f56c3ac3 - <unknown>
[INFO] [stdout]   46:     0x7f13f5754bf4 - __clone
[INFO] [stdout]   47:                0x0 - <unknown>
[INFO] [stdout] 
[INFO] [stdout] 
[INFO] [stdout] failures:
[INFO] [stdout]     filter::tests::test_filter_script
[INFO] [stdout] 
[INFO] [stdout] test result: FAILED. 5 passed; 1 failed; 0 ignored; 0 measured; 0 filtered out; finished in 0.13s
[INFO] [stdout] 
[INFO] [stderr] error: test failed, to rerun pass `--bin rescrobbled`
[INFO] running `Command { std: "docker" "inspect" "e5437ffa095c5b00dcb6a961cfd5cabc6be64bf8e408388aa804926ffdd15ed5", kill_on_drop: false }`
[INFO] running `Command { std: "docker" "rm" "-f" "e5437ffa095c5b00dcb6a961cfd5cabc6be64bf8e408388aa804926ffdd15ed5", kill_on_drop: false }`
[INFO] [stdout] e5437ffa095c5b00dcb6a961cfd5cabc6be64bf8e408388aa804926ffdd15ed5
